{"id":272,"date":"2021-03-24T19:19:42","date_gmt":"2021-03-24T19:19:42","guid":{"rendered":"https:\/\/24flotilla.com\/?page_id=272"},"modified":"2021-03-24T19:39:07","modified_gmt":"2021-03-24T19:39:07","slug":"elementor-272","status":"publish","type":"page","link":"https:\/\/24flotilla.com\/index.php\/elementor-272\/","title":{"rendered":"\u00bfQui\u00e9nes somos?"},"content":{"rendered":"\t\t<div data-elementor-type=\"wp-page\" data-elementor-id=\"272\" class=\"elementor elementor-272\">\n\t\t\t\t\t\t<section class=\"elementor-section elementor-top-section elementor-element elementor-element-49f6eeb elementor-section-boxed elementor-section-height-default elementor-section-height-default\" data-id=\"49f6eeb\" data-element_type=\"section\">\n\t\t\t\t\t\t<div class=\"elementor-container elementor-column-gap-default\">\n\t\t\t\t\t<div class=\"elementor-column elementor-col-100 elementor-top-column elementor-element elementor-element-8f306e2\" data-id=\"8f306e2\" data-element_type=\"column\">\n\t\t\t<div class=\"elementor-widget-wrap elementor-element-populated\">\n\t\t\t\t\t\t<div class=\"elementor-element elementor-element-5091a12 elementor-widget elementor-widget-heading\" data-id=\"5091a12\" data-element_type=\"widget\" data-widget_type=\"heading.default\">\n\t\t\t\t<div class=\"elementor-widget-container\">\n\t\t\t\t\t<h2 class=\"elementor-heading-title elementor-size-default\">\u00bfQui\u00e9nes somos?<\/h2>\t\t\t\t<\/div>\n\t\t\t\t<\/div>\n\t\t\t\t\t<\/div>\n\t\t<\/div>\n\t\t\t\t\t<\/div>\n\t\t<\/section>\n\t\t\t\t<section class=\"elementor-section elementor-top-section elementor-element elementor-element-e964463 elementor-section-boxed elementor-section-height-default elementor-section-height-default\" data-id=\"e964463\" data-element_type=\"section\">\n\t\t\t\t\t\t<div class=\"elementor-container elementor-column-gap-default\">\n\t\t\t\t\t<div class=\"elementor-column elementor-col-100 elementor-top-column elementor-element elementor-element-dc8c0fc\" data-id=\"dc8c0fc\" data-element_type=\"column\">\n\t\t\t<div class=\"elementor-widget-wrap elementor-element-populated\">\n\t\t\t\t\t\t<div class=\"elementor-element elementor-element-541346c elementor-widget elementor-widget-text-editor\" data-id=\"541346c\" data-element_type=\"widget\" data-widget_type=\"text-editor.default\">\n\t\t\t\t<div class=\"elementor-widget-container\">\n\t\t\t\t\t\t\t\t\t<p>La 24 comenz\u00f3 su andadura en los primeros d\u00edas del a\u00f1o 2002. Por entonces, con la reciente aparici\u00f3n del Silent Hunter 2, la Wolf Pack League viv\u00eda unos d\u00edas de crecimiento inusitado. Diferentes flotillas fueron cre\u00e1ndose por todo el mundo divididas por secciones horarias o por regiones idiom\u00e1ticas. Para el castellano se form\u00f3 la 5\u00aa Flotilla comandada\u00a0 por un tal Verlinden.<\/p><p>Los que en aquellos tiempos quisimos entrar a formar parte de aquel mundo emergente vimos con desagradable sorpresa que la 5\u00aa cerr\u00f3 sus puertas a nuevos ingresos dada su masificaci\u00f3n. \u00c9ramos unos cuantos los que entr\u00e1bamos diariamente en los foros de la WPL buscando una soluci\u00f3n.<\/p><p>Apareci\u00f3 en mitad de ese escenario la figura de Defcon que sin pens\u00e1rselo demasiado se lanz\u00f3 a la aventura de crear una web para la pr\u00f3xima flotilla de idioma castellano: la 24 Flotilla Geweih. Sin saber si \u00e9l podr\u00eda ser el FC (Flotilla Commander) de la incipiente comunidad, se entreg\u00f3 de manera vigorosa a la creaci\u00f3n de la nueva Web. Por suerte, Defcon fue confirmado en el cargo de FC de la 24 Flotilla por Neal Steven, el jefe supremo de todo el tinglado de la WPL y de la web subsim.com .<\/p><p>Defcon se mostr\u00f3 como un FC con una capacidad de trabajo y un vigor extraordinarios y la 24 naci\u00f3 en pocos d\u00edas con una est\u00e9tica y una funcionalidad perfectas. Muchos arrimamos el hombro como buenamente pudimos y poco a poco se fue conformando la realidad de lo que hoy es esta comunidad.<\/p><p>Defcon logr\u00f3 poner en marcha los primeros campeonatos oficiales de la 24 donde se forjaron nombres que hoy son leyenda en este mundo de la simulaci\u00f3n.<\/p><p>Al cabo de cierto tiempo, Defcon, un alma inquieta e inagotable tom\u00f3 nuevos derroteros en su devenir virtual y se empe\u00f1\u00f3 en otros proyectos. Entonces su sucesor al cargo de la flotilla fue el comandante Ephinepelus.<\/p><p>Epi, como todos lo conoc\u00edamos, continu\u00f3 con la labor de Defcon en una comunidad con las tareas del staff distribuidas y que ya no depend\u00eda de una sola persona.<\/p><p>Por entonces el SH2 comenzaba a dar los primeros s\u00edntomas de cansancio y esto produjo que la 24 entrara en una seria crisis.<\/p><p>Fue entonces cuando yo, Beltza, tom\u00e9 el mando de la 24 decidido a imprimirle un nuevo car\u00e1cter y a hacerla crecer en medio de una situaci\u00f3n en la que nadie daba un clavel por ella.<\/p><p>Mi principal objetivo fue la de transformar una comunidad de juego, en una especie de instituci\u00f3n en la que se pudiese hacer una carrera virtual como oficial al mando de una nave, evidentemente, tambi\u00e9n virtual. Fue un proceso largo y muy duro por los sucesos que en aquellos tiempos ocurrieron.<\/p><p>Pero mereci\u00f3 la pena y aquellos esfuerzos y desvelos han conducido a esta comunidad a pervivir ya cerca de 20 a\u00f1os.<\/p><p>Muchas personas, muchos comandantes virtuales pusieron mucho trabajo, mucha dedicaci\u00f3n y mucho cari\u00f1o para que esto fuese as\u00ed. Personas como Defcon, Shepcke, Alfonsuas, Kron, Epinephelus, Pep, Braxel, Siurrel, Nazarius, Mac, Masilicondrio, Bruno, MixMartes, Backman, Spree, Santid, Cazador, Caminante, NMA, Soulman, Brucker, Silencioso, Roland, Mancuso y much\u00edsimos que no cito. Y tantos otros hicieron grande a esta comunidad por su participaci\u00f3n en los foros y en las actividades de la 24Flotilla.<\/p><p>Con el paso de los a\u00f1os y con una participaci\u00f3n tan numerosa, han sido varios los comandantes, los amigos que nos han dejado para siempre: Akerberg, Blue Bull y otros. Pero tal vez el m\u00e1s emblem\u00e1tico, el que m\u00e1s cari\u00f1o despertaba entre nosotros fue nuestro inefable Oarso, al que echamos mucho de menos.<\/p><p>Pido disculpas a los no citados en estas l\u00edneas pero es que son tantos&#8230;<\/p><p>Ocurri\u00f3 en el a\u00f1o 2011 un hecho notable. Un miembro de la flotilla, kummetz, entr\u00f3 en contacto con un comandante real de U-Boat, un comandante que formaba parte del topten de los ases de la Ubootwaffe, el Capit\u00e1n de Corbeta George Lassen. Ya muy mayor, acept\u00f3 ser nombrado miembro honor\u00edfico de la 24Flotilla y pas\u00f3 a figurar como un miembro m\u00e1s en el roster de la 24Flotilla. Nos honr\u00f3 mucho con ese gesto. Poco despu\u00e9s fallecer\u00eda y supuso un duelo en la comunidad.<\/p><p>El tiempo sigui\u00f3 transcurriendo y con \u00e9l los simuladores que daban sustento a nuestra comunidad. Llegaron los Silent Hunter 4 y 5. Por desgracia estos no mantuvieron ni la calidad ni las posibilidades de mantener actividades online satisfactorias. El SH5 ni tan siquiera permit\u00eda un juego single digno. Lleno de bugs y nunca terminado y abandonado por Ubisoft, fue el \u00faltimo de esta saga que, en cierto modo, nos dej\u00f3 hu\u00e9rfanos de juegos.<\/p><p>As\u00ed las cosas, a pesar de improbos esfuerzos de los sucesivos miembros del AMC (Alto Mando de Campa\u00f1as) la actividad con los submarinos fue decallendo. Esto obligo a la comunidad&#8230;, bueno, fue m\u00e1s bien una deriva natural, a que nos aproxim\u00e1semos a otros juegos y simuladores.<\/p><p>Por eso llegamos a d\u00eda de hoy con una diversificaci\u00f3n en las actividades y jugamos a varios simuladores tanto de infanter\u00eda como de aviaci\u00f3n. Y no menos notable nuestras aventuras espaciales en el Elite Dangerous.<\/p><p>Para dar soporte a todo esto se crearon varias secciones en la flotilla:<\/p><ul><li>24 CIG: 24\u00aa Compa\u00f1\u00eda de Infanter\u00eda Geweih con simuladores como ARMA 2 y 3 \u00f3 el Hell Let Loose<\/li><li>Escuadr\u00f3n 24F: Escuadr\u00f3n de vuelo dedicado al simulador IL2<\/li><li>24 Flotilla A\u00e9rea: Flotilla de Harrier con el simulador DCS (Digital Combat Simulator)<\/li><li>24 FE: 24 Flotilla Estelar dedicado al simulador Elite Dangerous.<\/li><\/ul><p>Y, por supuesto, se ha continuado navegando con el SH3 principalmente.<\/p><p>La aparici\u00f3n de un simulador indi, el Wolfpack, abri\u00f3 un hilo de esperanza para volver a zarpar con\u00a0 nuestros submarinos. Pero este demostr\u00f3 que todav\u00eda estaba verde. Pero ah\u00ed sigue evolucionando y esperemos que en un futuro nos devuelva la grandeza de las batallas en el mar.<\/p><p>Sea como fuere, la 24Flotilla sigue en pie. Sigue siendo el refugio de muchos, el puerto al que es necesario arribar, sobre todo cuando el temporal arrecia como en los tiempos que corremos. Porque si hay algo que ha hecho grande a esta comunidad y ha permitido que sobreviva a pesar de simuladores adecuados es ese esp\u00edritu de caballeros del mar, de comandantes de submarinos del que siempre hemos hecho gala y, espero, siga as\u00ed por mucho tiempo. Esto hace que comandantes que se alejaron de nuestras costas, tarde o temprano regresen y nos regalen con un saludo siempre muy bienvenido.<\/p><p>La Comandancia de la 24Flotilla Geweih, a Enero de 2021:<\/p><p>Beltza, Chunen, Ender, Lexu y Sinichi14<\/p>\t\t\t\t\t\t\t\t<\/div>\n\t\t\t\t<\/div>\n\t\t\t\t\t<\/div>\n\t\t<\/div>\n\t\t\t\t\t<\/div>\n\t\t<\/section>\n\t\t\t\t<\/div>\n\t\t","protected":false},"excerpt":{"rendered":"<p>\u00bfQui\u00e9nes somos? La 24 comenz\u00f3 su andadura en los primeros d\u00edas del a\u00f1o 2002. Por entonces, con la reciente aparici\u00f3n del Silent Hunter 2, la Wolf Pack League viv\u00eda unos d\u00edas de crecimiento inusitado. Diferentes flotillas fueron cre\u00e1ndose por todo el mundo divididas por secciones horarias o por regiones idiom\u00e1ticas. Para el castellano se form\u00f3 [&hellip;]<\/p>\n","protected":false},"author":1,"featured_media":260,"parent":0,"menu_order":0,"comment_status":"closed","ping_status":"closed","template":"","meta":{"ocean_post_layout":"","ocean_both_sidebars_style":"","ocean_both_sidebars_content_width":0,"ocean_both_sidebars_sidebars_width":0,"ocean_sidebar":"0","ocean_second_sidebar":"0","ocean_disable_margins":"enable","ocean_add_body_class":"","ocean_shortcode_before_top_bar":"","ocean_shortcode_after_top_bar":"","ocean_shortcode_before_header":"","ocean_shortcode_after_header":"","ocean_has_shortcode":"","ocean_shortcode_after_title":"","ocean_shortcode_before_footer_widgets":"","ocean_shortcode_after_footer_widgets":"","ocean_shortcode_before_footer_bottom":"","ocean_shortcode_after_footer_bottom":"","ocean_display_top_bar":"default","ocean_display_header":"default","ocean_header_style":"","ocean_center_header_left_menu":"0","ocean_custom_header_template":"0","ocean_custom_logo":0,"ocean_custom_retina_logo":0,"ocean_custom_logo_max_width":0,"ocean_custom_logo_tablet_max_width":0,"ocean_custom_logo_mobile_max_width":0,"ocean_custom_logo_max_height":0,"ocean_custom_logo_tablet_max_height":0,"ocean_custom_logo_mobile_max_height":0,"ocean_header_custom_menu":"0","ocean_menu_typo_font_family":"0","ocean_menu_typo_font_subset":"","ocean_menu_typo_font_size":0,"ocean_menu_typo_font_size_tablet":0,"ocean_menu_typo_font_size_mobile":0,"ocean_menu_typo_font_size_unit":"px","ocean_menu_typo_font_weight":"","ocean_menu_typo_font_weight_tablet":"","ocean_menu_typo_font_weight_mobile":"","ocean_menu_typo_transform":"","ocean_menu_typo_transform_tablet":"","ocean_menu_typo_transform_mobile":"","ocean_menu_typo_line_height":0,"ocean_menu_typo_line_height_tablet":0,"ocean_menu_typo_line_height_mobile":0,"ocean_menu_typo_line_height_unit":"","ocean_menu_typo_spacing":0,"ocean_menu_typo_spacing_tablet":0,"ocean_menu_typo_spacing_mobile":0,"ocean_menu_typo_spacing_unit":"","ocean_menu_link_color":"","ocean_menu_link_color_hover":"","ocean_menu_link_color_active":"","ocean_menu_link_background":"","ocean_menu_link_hover_background":"","ocean_menu_link_active_background":"","ocean_menu_social_links_bg":"","ocean_menu_social_hover_links_bg":"","ocean_menu_social_links_color":"","ocean_menu_social_hover_links_color":"","ocean_disable_title":"default","ocean_disable_heading":"default","ocean_post_title":"","ocean_post_subheading":"","ocean_post_title_style":"","ocean_post_title_background_color":"","ocean_post_title_background":0,"ocean_post_title_bg_image_position":"","ocean_post_title_bg_image_attachment":"","ocean_post_title_bg_image_repeat":"","ocean_post_title_bg_image_size":"","ocean_post_title_height":0,"ocean_post_title_bg_overlay":0.5,"ocean_post_title_bg_overlay_color":"","ocean_disable_breadcrumbs":"default","ocean_breadcrumbs_color":"","ocean_breadcrumbs_separator_color":"","ocean_breadcrumbs_links_color":"","ocean_breadcrumbs_links_hover_color":"","ocean_display_footer_widgets":"default","ocean_display_footer_bottom":"default","ocean_custom_footer_template":"0","footnotes":""},"class_list":["post-272","page","type-page","status-publish","has-post-thumbnail","hentry","entry","has-media"],"yoast_head":"<!-- This site is optimized with the Yoast SEO plugin v26.8 - https:\/\/yoast.com\/product\/yoast-seo-wordpress\/ -->\n<title>\u00bfQui\u00e9nes somos? - 24 Flotilla Geweih<\/title>\n<meta name=\"robots\" content=\"index, follow, max-snippet:-1, max-image-preview:large, max-video-preview:-1\" \/>\n<link rel=\"canonical\" href=\"https:\/\/24flotilla.com\/index.php\/elementor-272\/\" \/>\n<meta property=\"og:locale\" content=\"es_ES\" \/>\n<meta property=\"og:type\" content=\"article\" \/>\n<meta property=\"og:title\" content=\"\u00bfQui\u00e9nes somos? - 24 Flotilla Geweih\" \/>\n<meta property=\"og:description\" content=\"\u00bfQui\u00e9nes somos? La 24 comenz\u00f3 su andadura en los primeros d\u00edas del a\u00f1o 2002. Por entonces, con la reciente aparici\u00f3n del Silent Hunter 2, la Wolf Pack League viv\u00eda unos d\u00edas de crecimiento inusitado. Diferentes flotillas fueron cre\u00e1ndose por todo el mundo divididas por secciones horarias o por regiones idiom\u00e1ticas. Para el castellano se form\u00f3 [&hellip;]\" \/>\n<meta property=\"og:url\" content=\"https:\/\/24flotilla.com\/index.php\/elementor-272\/\" \/>\n<meta property=\"og:site_name\" content=\"24 Flotilla Geweih\" \/>\n<meta property=\"article:modified_time\" content=\"2021-03-24T19:39:07+00:00\" \/>\n<meta property=\"og:image\" content=\"https:\/\/24flotilla.com\/wp-content\/uploads\/2021\/03\/ss_ab9a2af80d947700d50dac9f59dfcbde05029d15.jpg\" \/>\n\t<meta property=\"og:image:width\" content=\"1280\" \/>\n\t<meta property=\"og:image:height\" content=\"720\" \/>\n\t<meta property=\"og:image:type\" content=\"image\/jpeg\" \/>\n<meta name=\"twitter:card\" content=\"summary_large_image\" \/>\n<meta name=\"twitter:label1\" content=\"Tiempo de lectura\" \/>\n\t<meta name=\"twitter:data1\" content=\"5 minutos\" \/>\n<script type=\"application\/ld+json\" class=\"yoast-schema-graph\">{\"@context\":\"https:\/\/schema.org\",\"@graph\":[{\"@type\":\"WebPage\",\"@id\":\"https:\/\/24flotilla.com\/index.php\/elementor-272\/\",\"url\":\"https:\/\/24flotilla.com\/index.php\/elementor-272\/\",\"name\":\"\u00bfQui\u00e9nes somos? - 24 Flotilla Geweih\",\"isPartOf\":{\"@id\":\"https:\/\/24flotilla.com\/#website\"},\"primaryImageOfPage\":{\"@id\":\"https:\/\/24flotilla.com\/index.php\/elementor-272\/#primaryimage\"},\"image\":{\"@id\":\"https:\/\/24flotilla.com\/index.php\/elementor-272\/#primaryimage\"},\"thumbnailUrl\":\"https:\/\/24flotilla.com\/wp-content\/uploads\/2021\/03\/ss_ab9a2af80d947700d50dac9f59dfcbde05029d15.jpg\",\"datePublished\":\"2021-03-24T19:19:42+00:00\",\"dateModified\":\"2021-03-24T19:39:07+00:00\",\"breadcrumb\":{\"@id\":\"https:\/\/24flotilla.com\/index.php\/elementor-272\/#breadcrumb\"},\"inLanguage\":\"es\",\"potentialAction\":[{\"@type\":\"ReadAction\",\"target\":[\"https:\/\/24flotilla.com\/index.php\/elementor-272\/\"]}]},{\"@type\":\"ImageObject\",\"inLanguage\":\"es\",\"@id\":\"https:\/\/24flotilla.com\/index.php\/elementor-272\/#primaryimage\",\"url\":\"https:\/\/24flotilla.com\/wp-content\/uploads\/2021\/03\/ss_ab9a2af80d947700d50dac9f59dfcbde05029d15.jpg\",\"contentUrl\":\"https:\/\/24flotilla.com\/wp-content\/uploads\/2021\/03\/ss_ab9a2af80d947700d50dac9f59dfcbde05029d15.jpg\",\"width\":1280,\"height\":720},{\"@type\":\"BreadcrumbList\",\"@id\":\"https:\/\/24flotilla.com\/index.php\/elementor-272\/#breadcrumb\",\"itemListElement\":[{\"@type\":\"ListItem\",\"position\":1,\"name\":\"Portada\",\"item\":\"https:\/\/24flotilla.com\/\"},{\"@type\":\"ListItem\",\"position\":2,\"name\":\"\u00bfQui\u00e9nes somos?\"}]},{\"@type\":\"WebSite\",\"@id\":\"https:\/\/24flotilla.com\/#website\",\"url\":\"https:\/\/24flotilla.com\/\",\"name\":\"24 Flotilla Geweih\",\"description\":\"Comunidad hispana de simulaci\u00f3n\",\"publisher\":{\"@id\":\"https:\/\/24flotilla.com\/#organization\"},\"potentialAction\":[{\"@type\":\"SearchAction\",\"target\":{\"@type\":\"EntryPoint\",\"urlTemplate\":\"https:\/\/24flotilla.com\/?s={search_term_string}\"},\"query-input\":{\"@type\":\"PropertyValueSpecification\",\"valueRequired\":true,\"valueName\":\"search_term_string\"}}],\"inLanguage\":\"es\"},{\"@type\":\"Organization\",\"@id\":\"https:\/\/24flotilla.com\/#organization\",\"name\":\"24 Flotilla Geweih\",\"url\":\"https:\/\/24flotilla.com\/\",\"logo\":{\"@type\":\"ImageObject\",\"inLanguage\":\"es\",\"@id\":\"https:\/\/24flotilla.com\/#\/schema\/logo\/image\/\",\"url\":\"https:\/\/24flotilla.com\/wp-content\/uploads\/2021\/03\/cropped-escudo2-r.png\",\"contentUrl\":\"https:\/\/24flotilla.com\/wp-content\/uploads\/2021\/03\/cropped-escudo2-r.png\",\"width\":156,\"height\":140,\"caption\":\"24 Flotilla Geweih\"},\"image\":{\"@id\":\"https:\/\/24flotilla.com\/#\/schema\/logo\/image\/\"}}]}<\/script>\n<!-- \/ Yoast SEO plugin. -->","yoast_head_json":{"title":"\u00bfQui\u00e9nes somos? - 24 Flotilla Geweih","robots":{"index":"index","follow":"follow","max-snippet":"max-snippet:-1","max-image-preview":"max-image-preview:large","max-video-preview":"max-video-preview:-1"},"canonical":"https:\/\/24flotilla.com\/index.php\/elementor-272\/","og_locale":"es_ES","og_type":"article","og_title":"\u00bfQui\u00e9nes somos? - 24 Flotilla Geweih","og_description":"\u00bfQui\u00e9nes somos? La 24 comenz\u00f3 su andadura en los primeros d\u00edas del a\u00f1o 2002. Por entonces, con la reciente aparici\u00f3n del Silent Hunter 2, la Wolf Pack League viv\u00eda unos d\u00edas de crecimiento inusitado. Diferentes flotillas fueron cre\u00e1ndose por todo el mundo divididas por secciones horarias o por regiones idiom\u00e1ticas. Para el castellano se form\u00f3 [&hellip;]","og_url":"https:\/\/24flotilla.com\/index.php\/elementor-272\/","og_site_name":"24 Flotilla Geweih","article_modified_time":"2021-03-24T19:39:07+00:00","og_image":[{"width":1280,"height":720,"url":"https:\/\/24flotilla.com\/wp-content\/uploads\/2021\/03\/ss_ab9a2af80d947700d50dac9f59dfcbde05029d15.jpg","type":"image\/jpeg"}],"twitter_card":"summary_large_image","twitter_misc":{"Tiempo de lectura":"5 minutos"},"schema":{"@context":"https:\/\/schema.org","@graph":[{"@type":"WebPage","@id":"https:\/\/24flotilla.com\/index.php\/elementor-272\/","url":"https:\/\/24flotilla.com\/index.php\/elementor-272\/","name":"\u00bfQui\u00e9nes somos? - 24 Flotilla Geweih","isPartOf":{"@id":"https:\/\/24flotilla.com\/#website"},"primaryImageOfPage":{"@id":"https:\/\/24flotilla.com\/index.php\/elementor-272\/#primaryimage"},"image":{"@id":"https:\/\/24flotilla.com\/index.php\/elementor-272\/#primaryimage"},"thumbnailUrl":"https:\/\/24flotilla.com\/wp-content\/uploads\/2021\/03\/ss_ab9a2af80d947700d50dac9f59dfcbde05029d15.jpg","datePublished":"2021-03-24T19:19:42+00:00","dateModified":"2021-03-24T19:39:07+00:00","breadcrumb":{"@id":"https:\/\/24flotilla.com\/index.php\/elementor-272\/#breadcrumb"},"inLanguage":"es","potentialAction":[{"@type":"ReadAction","target":["https:\/\/24flotilla.com\/index.php\/elementor-272\/"]}]},{"@type":"ImageObject","inLanguage":"es","@id":"https:\/\/24flotilla.com\/index.php\/elementor-272\/#primaryimage","url":"https:\/\/24flotilla.com\/wp-content\/uploads\/2021\/03\/ss_ab9a2af80d947700d50dac9f59dfcbde05029d15.jpg","contentUrl":"https:\/\/24flotilla.com\/wp-content\/uploads\/2021\/03\/ss_ab9a2af80d947700d50dac9f59dfcbde05029d15.jpg","width":1280,"height":720},{"@type":"BreadcrumbList","@id":"https:\/\/24flotilla.com\/index.php\/elementor-272\/#breadcrumb","itemListElement":[{"@type":"ListItem","position":1,"name":"Portada","item":"https:\/\/24flotilla.com\/"},{"@type":"ListItem","position":2,"name":"\u00bfQui\u00e9nes somos?"}]},{"@type":"WebSite","@id":"https:\/\/24flotilla.com\/#website","url":"https:\/\/24flotilla.com\/","name":"24 Flotilla Geweih","description":"Comunidad hispana de simulaci\u00f3n","publisher":{"@id":"https:\/\/24flotilla.com\/#organization"},"potentialAction":[{"@type":"SearchAction","target":{"@type":"EntryPoint","urlTemplate":"https:\/\/24flotilla.com\/?s={search_term_string}"},"query-input":{"@type":"PropertyValueSpecification","valueRequired":true,"valueName":"search_term_string"}}],"inLanguage":"es"},{"@type":"Organization","@id":"https:\/\/24flotilla.com\/#organization","name":"24 Flotilla Geweih","url":"https:\/\/24flotilla.com\/","logo":{"@type":"ImageObject","inLanguage":"es","@id":"https:\/\/24flotilla.com\/#\/schema\/logo\/image\/","url":"https:\/\/24flotilla.com\/wp-content\/uploads\/2021\/03\/cropped-escudo2-r.png","contentUrl":"https:\/\/24flotilla.com\/wp-content\/uploads\/2021\/03\/cropped-escudo2-r.png","width":156,"height":140,"caption":"24 Flotilla Geweih"},"image":{"@id":"https:\/\/24flotilla.com\/#\/schema\/logo\/image\/"}}]}},"_links":{"self":[{"href":"https:\/\/24flotilla.com\/index.php\/wp-json\/wp\/v2\/pages\/272","targetHints":{"allow":["GET"]}}],"collection":[{"href":"https:\/\/24flotilla.com\/index.php\/wp-json\/wp\/v2\/pages"}],"about":[{"href":"https:\/\/24flotilla.com\/index.php\/wp-json\/wp\/v2\/types\/page"}],"author":[{"embeddable":true,"href":"https:\/\/24flotilla.com\/index.php\/wp-json\/wp\/v2\/users\/1"}],"replies":[{"embeddable":true,"href":"https:\/\/24flotilla.com\/index.php\/wp-json\/wp\/v2\/comments?post=272"}],"version-history":[{"count":10,"href":"https:\/\/24flotilla.com\/index.php\/wp-json\/wp\/v2\/pages\/272\/revisions"}],"predecessor-version":[{"id":283,"href":"https:\/\/24flotilla.com\/index.php\/wp-json\/wp\/v2\/pages\/272\/revisions\/283"}],"wp:featuredmedia":[{"embeddable":true,"href":"https:\/\/24flotilla.com\/index.php\/wp-json\/wp\/v2\/media\/260"}],"wp:attachment":[{"href":"https:\/\/24flotilla.com\/index.php\/wp-json\/wp\/v2\/media?parent=272"}],"curies":[{"name":"wp","href":"https:\/\/api.w.org\/{rel}","templated":true}]}}